[INFO] cloning repository https://github.com/mdsherry/aoc2020
[INFO] running `Command { std: "git" "-c" "credential.helper=" "-c" "credential.helper=/workspace/cargo-home/bin/git-credential-null" "clone" "--bare" "https://github.com/mdsherry/aoc2020" "/workspace/cache/git-repos/https%3A%2F%2Fgithub.com%2Fmdsherry%2Faoc2020", kill_on_drop: false }`
[INFO] [stderr] Cloning into bare repository '/workspace/cache/git-repos/https%3A%2F%2Fgithub.com%2Fmdsherry%2Faoc2020'...
[INFO] running `Command { std: "git" "rev-parse" "HEAD", kill_on_drop: false }`
[INFO] [stdout] 6fe2027e99be6abd5c1692e08e07bcf9b3336499
[INFO] building mdsherry/aoc2020 against master#881c1ac408d93bb7adaa3a51dabab9266e82eee8 for issue-85264
[INFO] running `Command { std: "git" "clone" "/workspace/cache/git-repos/https%3A%2F%2Fgithub.com%2Fmdsherry%2Faoc2020" "/workspace/builds/worker-7/source", kill_on_drop: false }`
[INFO] [stderr] Cloning into '/workspace/builds/worker-7/source'...
[INFO] [stderr] done.
[INFO] validating manifest of git repo https://github.com/mdsherry/aoc2020 on toolchain 881c1ac408d93bb7adaa3a51dabab9266e82eee8
[INFO] running `Command { std: "/workspace/cargo-home/bin/cargo" "+881c1ac408d93bb7adaa3a51dabab9266e82eee8" "metadata" "--manifest-path" "Cargo.toml" "--no-deps", kill_on_drop: false }`
[INFO] started tweaking git repo https://github.com/mdsherry/aoc2020
[INFO] finished tweaking git repo https://github.com/mdsherry/aoc2020
[INFO] tweaked toml for git repo https://github.com/mdsherry/aoc2020 written to /workspace/builds/worker-7/source/Cargo.toml
[INFO] crate git repo https://github.com/mdsherry/aoc2020 already has a lockfile, it will not be regenerated
[INFO] running `Command { std: "/workspace/cargo-home/bin/cargo" "+881c1ac408d93bb7adaa3a51dabab9266e82eee8" "fetch" "--manifest-path" "Cargo.toml", kill_on_drop: false }`
[INFO] running `Command { std: "docker" "create" "-v" "/var/lib/crater-agent-workspace/builds/worker-7/target:/opt/rustwide/target:rw,Z" "-v" "/var/lib/crater-agent-workspace/builds/worker-7/source:/opt/rustwide/workdir:ro,Z" "-v" "/var/lib/crater-agent-workspace/cargo-home:/opt/rustwide/cargo-home:ro,Z" "-v" "/var/lib/crater-agent-workspace/rustup-home:/opt/rustwide/rustup-home:ro,Z" "-e" "SOURCE_DIR=/opt/rustwide/workdir" "-e" "CARGO_TARGET_DIR=/opt/rustwide/target" "-e" "CARGO_HOME=/opt/rustwide/cargo-home" "-e" "RUSTUP_HOME=/opt/rustwide/rustup-home" "-w" "/opt/rustwide/workdir" "-m" "1610612736" "--user" "0:0" "--network" "none" "ghcr.io/rust-lang/crates-build-env/linux@sha256:20528e8c29e4536546f0102ce88568b16ea7538393a33fcca951030f7af10457" "/opt/rustwide/cargo-home/bin/cargo" "+881c1ac408d93bb7adaa3a51dabab9266e82eee8" "metadata" "--no-deps" "--format-version=1", kill_on_drop: false }`
[INFO] [stdout] a0b8bd50a84c5ed3f8b824d7703162b338db7de23b770e741dda1f2fd0b25f11
[INFO] [stderr] WARNING: Your kernel does not support swap limit capabilities or the cgroup is not mounted. Memory limited without swap.
[INFO] running `Command { std: "docker" "start" "-a" "a0b8bd50a84c5ed3f8b824d7703162b338db7de23b770e741dda1f2fd0b25f11", kill_on_drop: false }`
[INFO] running `Command { std: "docker" "inspect" "a0b8bd50a84c5ed3f8b824d7703162b338db7de23b770e741dda1f2fd0b25f11", kill_on_drop: false }`
[INFO] running `Command { std: "docker" "rm" "-f" "a0b8bd50a84c5ed3f8b824d7703162b338db7de23b770e741dda1f2fd0b25f11", kill_on_drop: false }`
[INFO] [stdout] a0b8bd50a84c5ed3f8b824d7703162b338db7de23b770e741dda1f2fd0b25f11
[INFO] running `Command { std: "docker" "create" "-v" "/var/lib/crater-agent-workspace/builds/worker-7/target:/opt/rustwide/target:rw,Z" "-v" "/var/lib/crater-agent-workspace/builds/worker-7/source:/opt/rustwide/workdir:ro,Z" "-v" "/var/lib/crater-agent-workspace/cargo-home:/opt/rustwide/cargo-home:ro,Z" "-v" "/var/lib/crater-agent-workspace/rustup-home:/opt/rustwide/rustup-home:ro,Z" "-e" "SOURCE_DIR=/opt/rustwide/workdir" "-e" "CARGO_TARGET_DIR=/opt/rustwide/target" "-e" "CARGO_INCREMENTAL=0" "-e" "RUST_BACKTRACE=full" "-e" "RUSTFLAGS=--cap-lints=forbid" "-e" "CARGO_HOME=/opt/rustwide/cargo-home" "-e" "RUSTUP_HOME=/opt/rustwide/rustup-home" "-w" "/opt/rustwide/workdir" "-m" "1610612736" "--user" "0:0" "--network" "none" "ghcr.io/rust-lang/crates-build-env/linux@sha256:20528e8c29e4536546f0102ce88568b16ea7538393a33fcca951030f7af10457" "/opt/rustwide/cargo-home/bin/cargo" "+881c1ac408d93bb7adaa3a51dabab9266e82eee8" "build" "--frozen" "--message-format=json", kill_on_drop: false }`
[INFO] [stderr] WARNING: Your kernel does not support swap limit capabilities or the cgroup is not mounted. Memory limited without swap.
[INFO] [stdout] 0e4e1e0b585572e97f392878baf417ca7d434ba0ba4317e297c797eedaba4b94
[INFO] running `Command { std: "docker" "start" "-a" "0e4e1e0b585572e97f392878baf417ca7d434ba0ba4317e297c797eedaba4b94", kill_on_drop: false }`
[INFO] [stderr]    Compiling util v0.1.0 (/opt/rustwide/workdir/util)
[INFO] [stderr]    Compiling lexical-core v0.7.4
[INFO] [stderr]    Compiling regex-syntax v0.6.21
[INFO] [stderr]    Compiling static_assertions v1.1.0
[INFO] [stderr]    Compiling arrayvec v0.5.2
[INFO] [stderr]    Compiling funty v1.0.1
[INFO] [stderr]    Compiling tap v1.0.0
[INFO] [stderr]    Compiling day-06 v0.1.0 (/opt/rustwide/workdir/day-06)
[INFO] [stderr]    Compiling day-16 v0.1.0 (/opt/rustwide/workdir/day-16)
[INFO] [stderr]    Compiling day-05 v0.1.0 (/opt/rustwide/workdir/day-05)
[INFO] [stderr]    Compiling day-08 v0.1.0 (/opt/rustwide/workdir/day-08)
[INFO] [stderr]    Compiling day-25 v0.1.0 (/opt/rustwide/workdir/day-25)
[INFO] [stderr]    Compiling day-24 v0.1.0 (/opt/rustwide/workdir/day-24)
[INFO] [stderr]    Compiling day-11 v0.1.0 (/opt/rustwide/workdir/day-11)
[INFO] [stderr]    Compiling day-04 v0.1.0 (/opt/rustwide/workdir/day-04)
[INFO] [stderr]    Compiling day-14 v0.1.0 (/opt/rustwide/workdir/day-14)
[INFO] [stdout] warning: unused import: `std::collections::HashSet`
[INFO] [stdout]  --> day-06/src/main.rs:1:5
[INFO] [stdout]   |
[INFO] [stdout] 1 | use std::collections::HashSet;
[INFO] [stdout]   |     ^^^^^^^^^^^^^^^^^^^^^^^^^
[INFO] [stdout]   |
[INFO] [stdout]   = note: `#[warn(unused_imports)]` on by default
[INFO] [stdout] 
[INFO] [stdout] 
[INFO] [stdout] warning: unused import: `std::collections::HashSet`
[INFO] [stdout]  --> day-25/src/main.rs:1:5
[INFO] [stdout]   |
[INFO] [stdout] 1 | use std::collections::HashSet;
[INFO] [stdout]   |     ^^^^^^^^^^^^^^^^^^^^^^^^^
[INFO] [stdout]   |
[INFO] [stdout]   = note: `#[warn(unused_imports)]` on by default
[INFO] [stdout] 
[INFO] [stdout] 
[INFO] [stderr]    Compiling day-15 v0.1.0 (/opt/rustwide/workdir/day-15)
[INFO] [stderr]    Compiling day-07 v0.1.0 (/opt/rustwide/workdir/day-07)
[INFO] [stdout] warning: static is never used: `INPUT`
[INFO] [stdout]  --> day-05/src/part1.rs:1:1
[INFO] [stdout]   |
[INFO] [stdout] 1 | static INPUT: &str = include_str!("input.txt");
[INFO] [stdout]   | ^^^^^^^^^^^^^^^^^^^^^^^^^^^^^^^^^^^^^^^^^^^^^^^
[INFO] [stdout]   |
[INFO] [stdout]   = note: `#[warn(dead_code)]` on by default
[INFO] [stdout] 
[INFO] [stdout] 
[INFO] [stdout] warning: variant is never constructed: `Front`
[INFO] [stdout]  --> day-05/src/part1.rs:5:5
[INFO] [stdout]   |
[INFO] [stdout] 5 |     Front,
[INFO] [stdout]   |     ^^^^^
[INFO] [stdout] 
[INFO] [stdout] 
[INFO] [stdout] warning: variant is never constructed: `Back`
[INFO] [stdout]  --> day-05/src/part1.rs:6:5
[INFO] [stdout]   |
[INFO] [stdout] 6 |     Back,
[INFO] [stdout]   |     ^^^^
[INFO] [stdout] 
[INFO] [stdout] 
[INFO] [stdout] warning: variant is never constructed: `Left`
[INFO] [stdout]  --> day-05/src/part1.rs:7:5
[INFO] [stdout]   |
[INFO] [stdout] 7 |     Left,
[INFO] [stdout]   |     ^^^^
[INFO] [stdout] 
[INFO] [stdout] 
[INFO] [stdout] warning: variant is never constructed: `Right`
[INFO] [stdout]  --> day-05/src/part1.rs:8:5
[INFO] [stdout]   |
[INFO] [stdout] 8 |     Right,
[INFO] [stdout]   |     ^^^^^
[INFO] [stdout] 
[INFO] [stdout] 
[INFO] [stdout] warning: associated function is never used: `from`
[INFO] [stdout]   --> day-05/src/part1.rs:12:8
[INFO] [stdout]    |
[INFO] [stdout] 12 |     fn from(c: char) -> Self {
[INFO] [stdout]    |        ^^^^
[INFO] [stdout] 
[INFO] [stdout] 
[INFO] [stdout] warning: associated function is never used: `split`
[INFO] [stdout]   --> day-05/src/part1.rs:21:8
[INFO] [stdout]    |
[INFO] [stdout] 21 |     fn split(self, bottom: u8, top: u8) -> (u8, u8) {
[INFO] [stdout]    |        ^^^^^
[INFO] [stdout] 
[INFO] [stdout] 
[INFO] [stdout] warning: function is never used: `main`
[INFO] [stdout]   --> day-05/src/part1.rs:30:4
[INFO] [stdout]    |
[INFO] [stdout] 30 | fn main() {
[INFO] [stdout]    |    ^^^^
[INFO] [stdout] 
[INFO] [stdout] 
[INFO] [stderr]    Compiling day-20 v0.1.0 (/opt/rustwide/workdir/day-20)
[INFO] [stdout] warning: unused import: `HashSet`
[INFO] [stdout]  --> day-07/src/main.rs:3:33
[INFO] [stdout]   |
[INFO] [stdout] 3 | use std::collections::{HashMap, HashSet};
[INFO] [stdout]   |                                 ^^^^^^^
[INFO] [stdout]   |
[INFO] [stdout]   = note: `#[warn(unused_imports)]` on by default
[INFO] [stdout] 
[INFO] [stdout] 
[INFO] [stdout] warning: unused variable: `e`
[INFO] [stdout]   --> day-07/src/main.rs:40:70
[INFO] [stdout]    |
[INFO] [stdout] 40 |             let count = it.next().unwrap().parse::<usize>().map_err(|e| panic!("Bad number {}", content)).unwrap();
[INFO] [stdout]    |                                                                      ^ help: if this is intentional, prefix it with an underscore: `_e`
[INFO] [stdout]    |
[INFO] [stdout]    = note: `#[warn(unused_variables)]` on by default
[INFO] [stdout] 
[INFO] [stdout] 
[INFO] [stdout] warning: unused variable: `e`
[INFO] [stdout]   --> day-07/src/part1.rs:39:70
[INFO] [stdout]    |
[INFO] [stdout] 39 |             let count = it.next().unwrap().parse::<usize>().map_err(|e| panic!("Bad number {}", content)).unwrap();
[INFO] [stdout]    |                                                                      ^ help: if this is intentional, prefix it with an underscore: `_e`
[INFO] [stdout] 
[INFO] [stdout] 
[INFO] [stdout] warning: static is never used: `INPUT`
[INFO] [stdout]  --> day-07/src/part1.rs:3:1
[INFO] [stdout]   |
[INFO] [stdout] 3 | static INPUT: &str = include_str!("input.txt");
[INFO] [stdout]   | ^^^^^^^^^^^^^^^^^^^^^^^^^^^^^^^^^^^^^^^^^^^^^^^
[INFO] [stdout]   |
[INFO] [stdout]   = note: `#[warn(dead_code)]` on by default
[INFO] [stdout] 
[INFO] [stdout] 
[INFO] [stdout] warning: function is never used: `main`
[INFO] [stdout]  --> day-07/src/part1.rs:5:4
[INFO] [stdout]   |
[INFO] [stdout] 5 | fn main() {
[INFO] [stdout]   |    ^^^^
[INFO] [stdout] 
[INFO] [stdout] 
[INFO] [stdout] warning: function is never used: `parse_rule`
[INFO] [stdout]   --> day-07/src/part1.rs:28:4
[INFO] [stdout]    |
[INFO] [stdout] 28 | fn parse_rule(line: &str) -> Rule {
[INFO] [stdout]    |    ^^^^^^^^^^
[INFO] [stdout] 
[INFO] [stdout] 
[INFO] [stdout] warning: associated function is never used: `parse`
[INFO] [stdout]   --> day-07/src/part1.rs:60:8
[INFO] [stdout]    |
[INFO] [stdout] 60 |     fn parse(s: &str) -> Self {
[INFO] [stdout]    |        ^^^^^
[INFO] [stdout] 
[INFO] [stdout] 
[INFO] [stdout] warning: variant is never constructed: `Bright`
[INFO] [stdout]   --> day-07/src/part1.rs:70:5
[INFO] [stdout]    |
[INFO] [stdout] 70 |     Bright,
[INFO] [stdout]    |     ^^^^^^
[INFO] [stdout] 
[INFO] [stdout] 
[INFO] [stdout] warning: variant is never constructed: `Pale`
[INFO] [stdout]   --> day-07/src/part1.rs:71:5
[INFO] [stdout]    |
[INFO] [stdout] 71 |     Pale,
[INFO] [stdout]    |     ^^^^
[INFO] [stdout] 
[INFO] [stdout] 
[INFO] [stdout] warning: variant is never constructed: `Mirrored`
[INFO] [stdout]   --> day-07/src/part1.rs:72:5
[INFO] [stdout]    |
[INFO] [stdout] 72 |     Mirrored,
[INFO] [stdout]    |     ^^^^^^^^
[INFO] [stdout] 
[INFO] [stdout] 
[INFO] [stdout] warning: variant is never constructed: `Shiny`
[INFO] [stdout]   --> day-07/src/part1.rs:73:5
[INFO] [stdout]    |
[INFO] [stdout] 73 |     Shiny,
[INFO] [stdout]    |     ^^^^^
[INFO] [stdout] 
[INFO] [stdout] 
[INFO] [stdout] warning: variant is never constructed: `Dotted`
[INFO] [stdout]   --> day-07/src/part1.rs:74:5
[INFO] [stdout]    |
[INFO] [stdout] 74 |     Dotted,
[INFO] [stdout]    |     ^^^^^^
[INFO] [stdout] 
[INFO] [stdout] 
[INFO] [stdout] warning: variant is never constructed: `Drab`
[INFO] [stdout]   --> day-07/src/part1.rs:75:5
[INFO] [stdout]    |
[INFO] [stdout] 75 |     Drab,
[INFO] [stdout]    |     ^^^^
[INFO] [stdout] 
[INFO] [stdout] 
[INFO] [stdout] warning: variant is never constructed: `Striped`
[INFO] [stdout]   --> day-07/src/part1.rs:76:5
[INFO] [stdout]    |
[INFO] [stdout] 76 |     Striped,
[INFO] [stdout]    |     ^^^^^^^
[INFO] [stdout] 
[INFO] [stdout] 
[INFO] [stdout] warning: variant is never constructed: `Wavy`
[INFO] [stdout]   --> day-07/src/part1.rs:77:5
[INFO] [stdout]    |
[INFO] [stdout] 77 |     Wavy,
[INFO] [stdout]    |     ^^^^
[INFO] [stdout] 
[INFO] [stdout] 
[INFO] [stdout] warning: variant is never constructed: `Light`
[INFO] [stdout]   --> day-07/src/part1.rs:78:5
[INFO] [stdout]    |
[INFO] [stdout] 78 |     Light,
[INFO] [stdout]    |     ^^^^^
[INFO] [stdout] 
[INFO] [stdout] 
[INFO] [stdout] warning: variant is never constructed: `Clear`
[INFO] [stdout]   --> day-07/src/part1.rs:79:5
[INFO] [stdout]    |
[INFO] [stdout] 79 |     Clear,
[INFO] [stdout]    |     ^^^^^
[INFO] [stdout] 
[INFO] [stdout] 
[INFO] [stdout] warning: variant is never constructed: `Dull`
[INFO] [stdout]   --> day-07/src/part1.rs:80:5
[INFO] [stdout]    |
[INFO] [stdout] 80 |     Dull,
[INFO] [stdout]    |     ^^^^
[INFO] [stdout] 
[INFO] [stdout] 
[INFO] [stdout] warning: variant is never constructed: `Plaid`
[INFO] [stdout]   --> day-07/src/part1.rs:81:5
[INFO] [stdout]    |
[INFO] [stdout] 81 |     Plaid,
[INFO] [stdout]    |     ^^^^^
[INFO] [stdout] 
[INFO] [stdout] 
[INFO] [stdout] warning: variant is never constructed: `Dim`
[INFO] [stdout]   --> day-07/src/part1.rs:82:5
[INFO] [stdout]    |
[INFO] [stdout] 82 |     Dim,
[INFO] [stdout]    |     ^^^
[INFO] [stdout] 
[INFO] [stdout] 
[INFO] [stdout] warning: variant is never constructed: `Faded`
[INFO] [stdout]   --> day-07/src/part1.rs:83:5
[INFO] [stdout]    |
[INFO] [stdout] 83 |     Faded,
[INFO] [stdout]    |     ^^^^^
[INFO] [stdout] 
[INFO] [stdout] 
[INFO] [stdout] warning: variant is never constructed: `Posh`
[INFO] [stdout]   --> day-07/src/part1.rs:84:5
[INFO] [stdout]    |
[INFO] [stdout] 84 |     Posh,
[INFO] [stdout]    |     ^^^^
[INFO] [stdout] 
[INFO] [stdout] 
[INFO] [stdout] warning: variant is never constructed: `Dark`
[INFO] [stdout]   --> day-07/src/part1.rs:85:5
[INFO] [stdout]    |
[INFO] [stdout] 85 |     Dark,
[INFO] [stdout]    |     ^^^^
[INFO] [stdout] 
[INFO] [stdout] 
[INFO] [stdout] warning: variant is never constructed: `Vibrant`
[INFO] [stdout]   --> day-07/src/part1.rs:86:5
[INFO] [stdout]    |
[INFO] [stdout] 86 |     Vibrant,
[INFO] [stdout]    |     ^^^^^^^
[INFO] [stdout] 
[INFO] [stdout] 
[INFO] [stdout] warning: variant is never constructed: `Muted`
[INFO] [stdout]   --> day-07/src/part1.rs:87:5
[INFO] [stdout]    |
[INFO] [stdout] 87 |     Muted,
[INFO] [stdout]    |     ^^^^^
[INFO] [stdout] 
[INFO] [stdout] 
[INFO] [stdout] warning: associated function is never used: `parse`
[INFO] [stdout]   --> day-07/src/part1.rs:91:8
[INFO] [stdout]    |
[INFO] [stdout] 91 |     fn parse(s: &str) -> Self {
[INFO] [stdout]    |        ^^^^^
[INFO] [stdout] 
[INFO] [stdout] 
[INFO] [stdout] warning: variant is never constructed: `Gray`
[INFO] [stdout]    --> day-07/src/part1.rs:119:5
[INFO] [stdout]     |
[INFO] [stdout] 119 |     Gray,
[INFO] [stdout]     |     ^^^^
[INFO] [stdout] 
[INFO] [stdout] 
[INFO] [stdout] warning: variant is never constructed: `Gold`
[INFO] [stdout]    --> day-07/src/part1.rs:120:5
[INFO] [stdout]     |
[INFO] [stdout] 120 |     Gold,
[INFO] [stdout]     |     ^^^^
[INFO] [stdout] 
[INFO] [stdout] 
[INFO] [stdout] warning: variant is never constructed: `Lavender`
[INFO] [stdout]    --> day-07/src/part1.rs:121:5
[INFO] [stdout]     |
[INFO] [stdout] 121 |     Lavender,
[INFO] [stdout]     |     ^^^^^^^^
[INFO] [stdout] 
[INFO] [stdout] 
[INFO] [stdout] warning: variant is never constructed: `Olive`
[INFO] [stdout]    --> day-07/src/part1.rs:122:5
[INFO] [stdout]     |
[INFO] [stdout] 122 |     Olive,
[INFO] [stdout]     |     ^^^^^
[INFO] [stdout] 
[INFO] [stdout] 
[INFO] [stdout] warning: variant is never constructed: `Yellow`
[INFO] [stdout]    --> day-07/src/part1.rs:123:5
[INFO] [stdout]     |
[INFO] [stdout] 123 |     Yellow,
[INFO] [stdout]     |     ^^^^^^
[INFO] [stdout] 
[INFO] [stdout] 
[INFO] [stdout] warning: variant is never constructed: `Salmon`
[INFO] [stdout]    --> day-07/src/part1.rs:124:5
[INFO] [stdout]     |
[INFO] [stdout] 124 |     Salmon,
[INFO] [stdout]     |     ^^^^^^
[INFO] [stdout] 
[INFO] [stdout] 
[INFO] [stdout] warning: variant is never constructed: `Magenta`
[INFO] [stdout]    --> day-07/src/part1.rs:125:5
[INFO] [stdout]     |
[INFO] [stdout] 125 |     Magenta,
[INFO] [stdout]     |     ^^^^^^^
[INFO] [stdout] 
[INFO] [stdout] 
[INFO] [stdout] warning: variant is never constructed: `Turquoise`
[INFO] [stdout]    --> day-07/src/part1.rs:126:5
[INFO] [stdout]     |
[INFO] [stdout] 126 |     Turquoise,
[INFO] [stdout]     |     ^^^^^^^^^
[INFO] [stdout] 
[INFO] [stdout] 
[INFO] [stdout] warning: variant is never constructed: `Fuchsia`
[INFO] [stdout]    --> day-07/src/part1.rs:127:5
[INFO] [stdout]     |
[INFO] [stdout] 127 |     Fuchsia,
[INFO] [stdout]     |     ^^^^^^^
[INFO] [stdout] 
[INFO] [stdout] 
[INFO] [stdout] warning: variant is never constructed: `Lime`
[INFO] [stdout]    --> day-07/src/part1.rs:128:5
[INFO] [stdout]     |
[INFO] [stdout] 128 |     Lime,
[INFO] [stdout]     |     ^^^^
[INFO] [stdout] 
[INFO] [stdout] 
[INFO] [stdout] warning: variant is never constructed: `Plum`
[INFO] [stdout]    --> day-07/src/part1.rs:129:5
[INFO] [stdout]     |
[INFO] [stdout] 129 |     Plum,
[INFO] [stdout]     |     ^^^^
[INFO] [stdout] 
[INFO] [stdout] 
[INFO] [stdout] warning: variant is never constructed: `Blue`
[INFO] [stdout]    --> day-07/src/part1.rs:130:5
[INFO] [stdout]     |
[INFO] [stdout] 130 |     Blue,
[INFO] [stdout]     |     ^^^^
[INFO] [stdout] 
[INFO] [stdout] 
[INFO] [stdout] warning: variant is never constructed: `Beige`
[INFO] [stdout]    --> day-07/src/part1.rs:131:5
[INFO] [stdout]     |
[INFO] [stdout] 131 |     Beige,
[INFO] [stdout]     |     ^^^^^
[INFO] [stdout] 
[INFO] [stdout] 
[INFO] [stdout] warning: variant is never constructed: `Bronze`
[INFO] [stdout]    --> day-07/src/part1.rs:132:5
[INFO] [stdout]     |
[INFO] [stdout] 132 |     Bronze,
[INFO] [stdout]     |     ^^^^^^
[INFO] [stdout] 
[INFO] [stdout] 
[INFO] [stdout] warning: variant is never constructed: `Tomato`
[INFO] [stdout]    --> day-07/src/part1.rs:133:5
[INFO] [stdout]     |
[INFO] [stdout] 133 |     Tomato,
[INFO] [stdout]     |     ^^^^^^
[INFO] [stdout] 
[INFO] [stdout] 
[INFO] [stdout] warning: variant is never constructed: `Red`
[INFO] [stdout]    --> day-07/src/part1.rs:134:5
[INFO] [stdout]     |
[INFO] [stdout] 134 |     Red,
[INFO] [stdout]     |     ^^^
[INFO] [stdout] 
[INFO] [stdout] 
[INFO] [stdout] warning: variant is never constructed: `Black`
[INFO] [stdout]    --> day-07/src/part1.rs:135:5
[INFO] [stdout]     |
[INFO] [stdout] 135 |     Black,
[INFO] [stdout]     |     ^^^^^
[INFO] [stdout] 
[INFO] [stdout] 
[INFO] [stdout] warning: variant is never constructed: `White`
[INFO] [stdout]    --> day-07/src/part1.rs:136:5
[INFO] [stdout]     |
[INFO] [stdout] 136 |     White,
[INFO] [stdout]     |     ^^^^^
[INFO] [stdout] 
[INFO] [stdout] 
[INFO] [stdout] warning: variant is never constructed: `Orange`
[INFO] [stdout]    --> day-07/src/part1.rs:137:5
[INFO] [stdout]     |
[INFO] [stdout] 137 |     Orange,
[INFO] [stdout]     |     ^^^^^^
[INFO] [stdout] 
[INFO] [stdout] 
[INFO] [stdout] warning: variant is never constructed: `Purple`
[INFO] [stdout]    --> day-07/src/part1.rs:138:5
[INFO] [stdout]     |
[INFO] [stdout] 138 |     Purple,
[INFO] [stdout]     |     ^^^^^^
[INFO] [stdout] 
[INFO] [stdout] 
[INFO] [stdout] warning: variant is never constructed: `Chartreuse`
[INFO] [stdout]    --> day-07/src/part1.rs:139:5
[INFO] [stdout]     |
[INFO] [stdout] 139 |     Chartreuse,
[INFO] [stdout]     |     ^^^^^^^^^^
[INFO] [stdout] 
[INFO] [stdout] 
[INFO] [stdout] warning: variant is never constructed: `Tan`
[INFO] [stdout]    --> day-07/src/part1.rs:140:5
[INFO] [stdout]     |
[INFO] [stdout] 140 |     Tan,
[INFO] [stdout]     |     ^^^
[INFO] [stdout] 
[INFO] [stdout] 
[INFO] [stdout] warning: variant is never constructed: `Violet`
[INFO] [stdout]    --> day-07/src/part1.rs:141:5
[INFO] [stdout]     |
[INFO] [stdout] 141 |     Violet,
[INFO] [stdout]     |     ^^^^^^
[INFO] [stdout] 
[INFO] [stdout] 
[INFO] [stdout] warning: variant is never constructed: `Maroon`
[INFO] [stdout]    --> day-07/src/part1.rs:142:5
[INFO] [stdout]     |
[INFO] [stdout] 142 |     Maroon,
[INFO] [stdout]     |     ^^^^^^
[INFO] [stdout] 
[INFO] [stdout] 
[INFO] [stdout] warning: variant is never constructed: `Brown`
[INFO] [stdout]    --> day-07/src/part1.rs:143:5
[INFO] [stdout]     |
[INFO] [stdout] 143 |     Brown,
[INFO] [stdout]     |     ^^^^^
[INFO] [stdout] 
[INFO] [stdout] 
[INFO] [stdout] warning: variant is never constructed: `Crimson`
[INFO] [stdout]    --> day-07/src/part1.rs:144:5
[INFO] [stdout]     |
[INFO] [stdout] 144 |     Crimson,
[INFO] [stdout]     |     ^^^^^^^
[INFO] [stdout] 
[INFO] [stdout] 
[INFO] [stdout] warning: variant is never constructed: `Coral`
[INFO] [stdout]    --> day-07/src/part1.rs:145:5
[INFO] [stdout]     |
[INFO] [stdout] 145 |     Coral,
[INFO] [stdout]     |     ^^^^^
[INFO] [stdout] 
[INFO] [stdout] 
[INFO] [stdout] warning: variant is never constructed: `Silver`
[INFO] [stdout]    --> day-07/src/part1.rs:146:5
[INFO] [stdout]     |
[INFO] [stdout] 146 |     Silver,
[INFO] [stdout]     |     ^^^^^^
[INFO] [stdout] 
[INFO] [stdout] 
[INFO] [stdout] warning: variant is never constructed: `Green`
[INFO] [stdout]    --> day-07/src/part1.rs:147:5
[INFO] [stdout]     |
[INFO] [stdout] 147 |     Green,
[INFO] [stdout]     |     ^^^^^
[INFO] [stdout] 
[INFO] [stdout] 
[INFO] [stdout] warning: variant is never constructed: `Indigo`
[INFO] [stdout]    --> day-07/src/part1.rs:148:5
[INFO] [stdout]     |
[INFO] [stdout] 148 |     Indigo,
[INFO] [stdout]     |     ^^^^^^
[INFO] [stdout] 
[INFO] [stdout] 
[INFO] [stdout] warning: variant is never constructed: `Cyan`
[INFO] [stdout]    --> day-07/src/part1.rs:149:5
[INFO] [stdout]     |
[INFO] [stdout] 149 |     Cyan,
[INFO] [stdout]     |     ^^^^
[INFO] [stdout] 
[INFO] [stdout] 
[INFO] [stdout] warning: variant is never constructed: `Aqua`
[INFO] [stdout]    --> day-07/src/part1.rs:150:5
[INFO] [stdout]     |
[INFO] [stdout] 150 |     Aqua,
[INFO] [stdout]     |     ^^^^
[INFO] [stdout] 
[INFO] [stdout] 
[INFO] [stdout] warning: variant is never constructed: `Teal`
[INFO] [stdout]    --> day-07/src/part1.rs:151:5
[INFO] [stdout]     |
[INFO] [stdout] 151 |     Teal
[INFO] [stdout]     |     ^^^^
[INFO] [stdout] 
[INFO] [stdout] 
[INFO] [stdout] warning: associated function is never used: `parse`
[INFO] [stdout]    --> day-07/src/part1.rs:155:8
[INFO] [stdout]     |
[INFO] [stdout] 155 |     fn parse(s: &str) -> Self {
[INFO] [stdout]     |        ^^^^^
[INFO] [stdout] 
[INFO] [stdout] 
[INFO] [stderr]    Compiling day-17 v0.1.0 (/opt/rustwide/workdir/day-17)
[INFO] [stderr]    Compiling day-23 v0.1.0 (/opt/rustwide/workdir/day-23)
[INFO] [stdout] warning: 1 warning emitted
[INFO] [stdout] 
[INFO] [stdout] 
[INFO] [stdout] warning: associated function is never used: `render_line`
[INFO] [stdout]   --> day-20/src/main.rs:22:8
[INFO] [stdout]    |
[INFO] [stdout] 22 |     fn render_line(&self, i: usize) {
[INFO] [stdout]    |        ^^^^^^^^^^^
[INFO] [stdout]    |
[INFO] [stdout]    = note: `#[warn(dead_code)]` on by default
[INFO] [stdout] 
[INFO] [stdout] 
[INFO] [stdout] warning: function is never used: `flip_v`
[INFO] [stdout]    --> day-20/src/main.rs:356:4
[INFO] [stdout]     |
[INFO] [stdout] 356 | fn flip_v(map: &mut Vec<Vec<SeaCell>>) {
[INFO] [stdout]     |    ^^^^^^
[INFO] [stdout] 
[INFO] [stdout] 
[INFO] [stdout] warning: unused variable: `test_input`
[INFO] [stdout]   --> day-17/src/main.rs:58:9
[INFO] [stdout]    |
[INFO] [stdout] 58 |     let test_input = ".#.\n..#\n###";
[INFO] [stdout]    |         ^^^^^^^^^^ help: if this is intentional, prefix it with an underscore: `_test_input`
[INFO] [stdout]    |
[INFO] [stdout]    = note: `#[warn(unused_variables)]` on by default
[INFO] [stdout] 
[INFO] [stdout] 
[INFO] [stdout] warning: 1 warning emitted
[INFO] [stdout] 
[INFO] [stdout] 
[INFO] [stderr]    Compiling day-13 v0.1.0 (/opt/rustwide/workdir/day-13)
[INFO] [stdout] warning: static is never used: `START`
[INFO] [stdout]  --> day-13/src/main.rs:1:1
[INFO] [stdout]   |
[INFO] [stdout] 1 | static START: usize = 1002632;
[INFO] [stdout]   | ^^^^^^^^^^^^^^^^^^^^^^^^^^^^^^
[INFO] [stdout]   |
[INFO] [stdout]   = note: `#[warn(dead_code)]` on by default
[INFO] [stdout] 
[INFO] [stdout] 
[INFO] [stderr]    Compiling thread_local v1.0.1
[INFO] [stderr]    Compiling nom v6.0.1
[INFO] [stderr]    Compiling day-10 v0.1.0 (/opt/rustwide/workdir/day-10)
[INFO] [stdout] warning: 8 warnings emitted
[INFO] [stdout] 
[INFO] [stdout] 
[INFO] [stderr]    Compiling day-12 v0.1.0 (/opt/rustwide/workdir/day-12)
[INFO] [stdout] warning: variable `diff_2` is assigned to, but never used
[INFO] [stdout]  --> day-10/src/part1.rs:9:13
[INFO] [stdout]   |
[INFO] [stdout] 9 |     let mut diff_2 = 0;
[INFO] [stdout]   |             ^^^^^^
[INFO] [stdout]   |
[INFO] [stdout]   = note: `#[warn(unused_variables)]` on by default
[INFO] [stdout]   = note: consider using `_diff_2` instead
[INFO] [stdout] 
[INFO] [stdout] 
[INFO] [stderr]    Compiling day-09 v0.1.0 (/opt/rustwide/workdir/day-09)
[INFO] [stdout] warning: static is never used: `INPUT`
[INFO] [stdout]  --> day-10/src/part1.rs:1:1
[INFO] [stdout]   |
[INFO] [stdout] 1 | static INPUT: &str = include_str!("input.txt");
[INFO] [stdout]   | ^^^^^^^^^^^^^^^^^^^^^^^^^^^^^^^^^^^^^^^^^^^^^^^
[INFO] [stdout]   |
[INFO] [stdout]   = note: `#[warn(dead_code)]` on by default
[INFO] [stdout] 
[INFO] [stdout] 
[INFO] [stdout] warning: function is never used: `main`
[INFO] [stdout]  --> day-10/src/part1.rs:3:4
[INFO] [stdout]   |
[INFO] [stdout] 3 | fn main() {
[INFO] [stdout]   |    ^^^^
[INFO] [stdout] 
[INFO] [stdout] 
[INFO] [stderr]    Compiling day-19 v0.1.0 (/opt/rustwide/workdir/day-19)
[INFO] [stderr]    Compiling day-21 v0.1.0 (/opt/rustwide/workdir/day-21)
[INFO] [stderr]    Compiling day-22 v0.1.0 (/opt/rustwide/workdir/day-22)
[INFO] [stdout] warning: static is never used: `INPUT`
[INFO] [stdout]  --> day-09/src/part1.rs:2:1
[INFO] [stdout]   |
[INFO] [stdout] 2 | static INPUT: &str = include_str!("input.txt");
[INFO] [stdout]   | ^^^^^^^^^^^^^^^^^^^^^^^^^^^^^^^^^^^^^^^^^^^^^^^
[INFO] [stdout]   |
[INFO] [stdout]   = note: `#[warn(dead_code)]` on by default
[INFO] [stdout] 
[INFO] [stdout] 
[INFO] [stdout] warning: function is never used: `main`
[INFO] [stdout]  --> day-09/src/part1.rs:4:4
[INFO] [stdout]   |
[INFO] [stdout] 4 | fn main() {
[INFO] [stdout]   |    ^^^^
[INFO] [stdout] 
[INFO] [stdout] 
[INFO] [stdout] warning: constant `target` should have an upper case name
[INFO] [stdout]  --> day-09/src/main.rs:7:11
[INFO] [stdout]   |
[INFO] [stdout] 7 |     const target: u64 = 375054920;
[INFO] [stdout]   |           ^^^^^^ help: convert the identifier to upper case: `TARGET`
[INFO] [stdout]   |
[INFO] [stdout]   = note: `#[warn(non_upper_case_globals)]` on by default
[INFO] [stdout] 
[INFO] [stdout] 
[INFO] [stdout] warning: variant is never constructed: `N`
[INFO] [stdout]   --> day-12/src/main.rs:14:5
[INFO] [stdout]    |
[INFO] [stdout] 14 |     N,
[INFO] [stdout]    |     ^
[INFO] [stdout]    |
[INFO] [stdout]    = note: `#[warn(dead_code)]` on by default
[INFO] [stdout] 
[INFO] [stdout] 
[INFO] [stdout] warning: variant is never constructed: `S`
[INFO] [stdout]   --> day-12/src/main.rs:15:5
[INFO] [stdout]    |
[INFO] [stdout] 15 |     S,
[INFO] [stdout]    |     ^
[INFO] [stdout] 
[INFO] [stdout] 
[INFO] [stdout] warning: variant is never constructed: `E`
[INFO] [stdout]   --> day-12/src/main.rs:16:5
[INFO] [stdout]    |
[INFO] [stdout] 16 |     E,
[INFO] [stdout]    |     ^
[INFO] [stdout] 
[INFO] [stdout] 
[INFO] [stdout] warning: variant is never constructed: `W`
[INFO] [stdout]   --> day-12/src/main.rs:17:5
[INFO] [stdout]    |
[INFO] [stdout] 17 |     W
[INFO] [stdout]    |     ^
[INFO] [stdout] 
[INFO] [stdout] 
[INFO] [stdout] warning: associated function is never used: `cw`
[INFO] [stdout]   --> day-12/src/main.rs:21:8
[INFO] [stdout]    |
[INFO] [stdout] 21 |     fn cw(self, degrees: u32) -> Self {
[INFO] [stdout]    |        ^^
[INFO] [stdout] 
[INFO] [stdout] 
[INFO] [stdout] warning: associated function is never used: `ccw`
[INFO] [stdout]   --> day-12/src/main.rs:41:8
[INFO] [stdout]    |
[INFO] [stdout] 41 |     fn ccw(self, degrees: u32) -> Self {
[INFO] [stdout]    |        ^^^
[INFO] [stdout] 
[INFO] [stdout] 
[INFO] [stdout] warning: unused variable: `k`
[INFO] [stdout]   --> day-21/src/main.rs:21:15
[INFO] [stdout]    |
[INFO] [stdout] 21 |         for (&k, v) in &mut allergen_map {
[INFO] [stdout]    |               ^ help: if this is intentional, prefix it with an underscore: `_k`
[INFO] [stdout]    |
[INFO] [stdout]    = note: `#[warn(unused_variables)]` on by default
[INFO] [stdout] 
[INFO] [stdout] 
[INFO] [stdout] warning: variable does not need to be mutable
[INFO] [stdout]   --> day-21/src/main.rs:38:9
[INFO] [stdout]    |
[INFO] [stdout] 38 |     let mut allergens: Vec<_> = allergen_map.values().flatten().copied().collect();
[INFO] [stdout]    |         ----^^^^^^^^^
[INFO] [stdout]    |         |
[INFO] [stdout]    |         help: remove this `mut`
[INFO] [stdout]    |
[INFO] [stdout]    = note: `#[warn(unused_mut)]` on by default
[INFO] [stdout] 
[INFO] [stdout] 
[INFO] [stderr]    Compiling bitvec v0.19.4
[INFO] [stdout] warning: 60 warnings emitted
[INFO] [stdout] 
[INFO] [stdout] 
[INFO] [stdout] warning: 1 warning emitted
[INFO] [stdout] 
[INFO] [stdout] 
[INFO] [stdout] warning: 1 warning emitted
[INFO] [stdout] 
[INFO] [stdout] 
[INFO] [stdout] warning: 6 warnings emitted
[INFO] [stdout] 
[INFO] [stdout] 
[INFO] [stdout] warning: 3 warnings emitted
[INFO] [stdout] 
[INFO] [stdout] 
[INFO] [stdout] warning: 3 warnings emitted
[INFO] [stdout] 
[INFO] [stdout] 
[INFO] [stdout] warning: 2 warnings emitted
[INFO] [stdout] 
[INFO] [stdout] 
[INFO] [stdout] warning: 2 warnings emitted
[INFO] [stdout] 
[INFO] [stdout] 
[INFO] [stdout] error[E0308]: mismatched types
[INFO] [stdout]   --> /opt/rustwide/cargo-home/registry/src/github.com-1ecc6299db9ec823/lexical-core-0.7.4/src/atof/algorithm/bhcomp.rs:62:24
[INFO] [stdout]    |
[INFO] [stdout] 62 |     let bytes = bits / Limb::BITS;
[INFO] [stdout]    |                        ^^^^^^^^^^ expected `usize`, found `u32`
[INFO] [stdout] 
[INFO] [stdout] 
[INFO] [stdout] error[E0277]: cannot divide `usize` by `u32`
[INFO] [stdout]   --> /opt/rustwide/cargo-home/registry/src/github.com-1ecc6299db9ec823/lexical-core-0.7.4/src/atof/algorithm/bhcomp.rs:62:22
[INFO] [stdout]    |
[INFO] [stdout] 62 |     let bytes = bits / Limb::BITS;
[INFO] [stdout]    |                      ^ no implementation for `usize / u32`
[INFO] [stdout]    |
[INFO] [stdout]    = help: the trait `Div<u32>` is not implemented for `usize`
[INFO] [stdout] 
[INFO] [stdout] 
[INFO] [stdout] error[E0308]: mismatched types
[INFO] [stdout]    --> /opt/rustwide/cargo-home/registry/src/github.com-1ecc6299db9ec823/lexical-core-0.7.4/src/atof/algorithm/bigcomp.rs:157:55
[INFO] [stdout]     |
[INFO] [stdout] 157 |     let nlz = den.leading_zeros().wrapping_sub(wlz) & (u32::BITS - 1);
[INFO] [stdout]     |                                                       ^^^^^^^^^^^^^^^ expected `usize`, found `u32`
[INFO] [stdout] 
[INFO] [stdout] 
[INFO] [stdout] error[E0277]: no implementation for `usize & u32`
[INFO] [stdout]    --> /opt/rustwide/cargo-home/registry/src/github.com-1ecc6299db9ec823/lexical-core-0.7.4/src/atof/algorithm/bigcomp.rs:157:53
[INFO] [stdout]     |
[INFO] [stdout] 157 |     let nlz = den.leading_zeros().wrapping_sub(wlz) & (u32::BITS - 1);
[INFO] [stdout]     |                                                     ^ no implementation for `usize & u32`
[INFO] [stdout]     |
[INFO] [stdout]     = help: the trait `BitAnd<u32>` is not implemented for `usize`
[INFO] [stdout] 
[INFO] [stdout] 
[INFO] [stdout] error[E0308]: mismatched types
[INFO] [stdout]    --> /opt/rustwide/cargo-home/registry/src/github.com-1ecc6299db9ec823/lexical-core-0.7.4/src/atof/algorithm/bigcomp.rs:175:40
[INFO] [stdout]     |
[INFO] [stdout] 175 |         let (q, r) = shift.ceil_divmod(Limb::BITS);
[INFO] [stdout]     |                                        ^^^^^^^^^^ expected `usize`, found `u32`
[INFO] [stdout]     |
[INFO] [stdout] help: you can convert a `u32` to a `usize` and panic if the converted value doesn't fit
[INFO] [stdout]     |
[INFO] [stdout] 175 |         let (q, r) = shift.ceil_divmod(Limb::BITS.try_into().unwrap());
[INFO] [stdout]     |                                        ^^^^^^^^^^^^^^^^^^^^^^^^^^^^^^
[INFO] [stdout] 
[INFO] [stdout] 
[INFO] [stdout] error[E0308]: mismatched types
[INFO] [stdout]     --> /opt/rustwide/cargo-home/registry/src/github.com-1ecc6299db9ec823/lexical-core-0.7.4/src/atof/algorithm/math.rs:1043:42
[INFO] [stdout]      |
[INFO] [stdout] 1043 |     let mut count = index.saturating_mul(Limb::BITS);
[INFO] [stdout]      |                                          ^^^^^^^^^^ expected `usize`, found `u32`
[INFO] [stdout]      |
[INFO] [stdout] help: you can convert a `u32` to a `usize` and panic if the converted value doesn't fit
[INFO] [stdout]      |
[INFO] [stdout] 1043 |     let mut count = index.saturating_mul(Limb::BITS.try_into().unwrap());
[INFO] [stdout]      |                                          ^^^^^^^^^^^^^^^^^^^^^^^^^^^^^^
[INFO] [stdout] 
[INFO] [stdout] 
[INFO] [stdout] error[E0308]: mismatched types
[INFO] [stdout]     --> /opt/rustwide/cargo-home/registry/src/github.com-1ecc6299db9ec823/lexical-core-0.7.4/src/atof/algorithm/math.rs:1058:28
[INFO] [stdout]      |
[INFO] [stdout] 1058 |     Limb::BITS.checked_mul(x.len())
[INFO] [stdout]      |                            ^^^^^^^ expected `u32`, found `usize`
[INFO] [stdout]      |
[INFO] [stdout] help: you can convert a `usize` to a `u32` and panic if the converted value doesn't fit
[INFO] [stdout]      |
[INFO] [stdout] 1058 |     Limb::BITS.checked_mul(x.len().try_into().unwrap())
[INFO] [stdout]      |                            ^^^^^^^^^^^^^^^^^^^^^^^^^^^
[INFO] [stdout] 
[INFO] [stdout] 
[INFO] [stdout] error[E0308]: mismatched types
[INFO] [stdout]     --> /opt/rustwide/cargo-home/registry/src/github.com-1ecc6299db9ec823/lexical-core-0.7.4/src/atof/algorithm/math.rs:1059:22
[INFO] [stdout]      |
[INFO] [stdout] 1059 |         .map(|v| v - nlz)
[INFO] [stdout]      |                      ^^^ expected `u32`, found `usize`
[INFO] [stdout] 
[INFO] [stdout] 
[INFO] [stdout] error[E0277]: cannot subtract `usize` from `u32`
[INFO] [stdout]     --> /opt/rustwide/cargo-home/registry/src/github.com-1ecc6299db9ec823/lexical-core-0.7.4/src/atof/algorithm/math.rs:1059:20
[INFO] [stdout]      |
[INFO] [stdout] 1059 |         .map(|v| v - nlz)
[INFO] [stdout]      |                    ^ no implementation for `u32 - usize`
[INFO] [stdout]      |
[INFO] [stdout]      = help: the trait `Sub<usize>` is not implemented for `u32`
[INFO] [stdout] 
[INFO] [stdout] 
[INFO] [stdout] error[E0308]: mismatched types
[INFO] [stdout]     --> /opt/rustwide/cargo-home/registry/src/github.com-1ecc6299db9ec823/lexical-core-0.7.4/src/atof/algorithm/math.rs:1060:20
[INFO] [stdout]      |
[INFO] [stdout] 1060 |         .unwrap_or(usize::max_value())
[INFO] [stdout]      |                    ^^^^^^^^^^^^^^^^^^ expected `u32`, found `usize`
[INFO] [stdout]      |
[INFO] [stdout] help: you can convert a `usize` to a `u32` and panic if the converted value doesn't fit
[INFO] [stdout]      |
[INFO] [stdout] 1060 |         .unwrap_or(usize::max_value().try_into().unwrap())
[INFO] [stdout]      |                    ^^^^^^^^^^^^^^^^^^^^^^^^^^^^^^^^^^^^^^
[INFO] [stdout] 
[INFO] [stdout] 
[INFO] [stdout] error[E0308]: mismatched types
[INFO] [stdout]     --> /opt/rustwide/cargo-home/registry/src/github.com-1ecc6299db9ec823/lexical-core-0.7.4/src/atof/algorithm/math.rs:1058:5
[INFO] [stdout]      |
[INFO] [stdout] 1054 |   pub fn bit_length(x: &[Limb]) -> usize {
[INFO] [stdout]      |                                    ----- expected `usize` because of return type
[INFO] [stdout] ...
[INFO] [stdout] 1058 | /     Limb::BITS.checked_mul(x.len())
[INFO] [stdout] 1059 | |         .map(|v| v - nlz)
[INFO] [stdout] 1060 | |         .unwrap_or(usize::max_value())
[INFO] [stdout]      | |______________________________________^ expected `usize`, found `u32`
[INFO] [stdout]      |
[INFO] [stdout] help: you can convert a `u32` to a `usize` and panic if the converted value doesn't fit
[INFO] [stdout]      |
[INFO] [stdout] 1058 |     Limb::BITS.checked_mul(x.len())
[INFO] [stdout] 1059 |         .map(|v| v - nlz)
[INFO] [stdout] 1060 |         .unwrap_or(usize::max_value()).try_into().unwrap()
[INFO] [stdout]      |
[INFO] [stdout] 
[INFO] [stdout] 
[INFO] [stdout] error[E0308]: mismatched types
[INFO] [stdout]     --> /opt/rustwide/cargo-home/registry/src/github.com-1ecc6299db9ec823/lexical-core-0.7.4/src/atof/algorithm/math.rs:1085:23
[INFO] [stdout]      |
[INFO] [stdout] 1085 |     debug_assert!(n < bits && n != 0);
[INFO] [stdout]      |                       ^^^^ expected `usize`, found `u32`
[INFO] [stdout]      |
[INFO] [stdout] help: you can convert a `u32` to a `usize` and panic if the converted value doesn't fit
[INFO] [stdout]      |
[INFO] [stdout] 1085 |     debug_assert!(n < bits.try_into().unwrap() && n != 0);
[INFO] [stdout]      |                       ^^^^^^^^^^^^^^^^^^^^^^^^
[INFO] [stdout] 
[INFO] [stdout] 
[INFO] [stdout] error[E0308]: mismatched types
[INFO] [stdout]     --> /opt/rustwide/cargo-home/registry/src/github.com-1ecc6299db9ec823/lexical-core-0.7.4/src/atof/algorithm/math.rs:1092:25
[INFO] [stdout]      |
[INFO] [stdout] 1092 |     let lshift = bits - n;
[INFO] [stdout]      |                         ^ expected `u32`, found `usize`
[INFO] [stdout] 
[INFO] [stdout] 
[INFO] [stdout] error[E0277]: cannot subtract `usize` from `u32`
[INFO] [stdout]     --> /opt/rustwide/cargo-home/registry/src/github.com-1ecc6299db9ec823/lexical-core-0.7.4/src/atof/algorithm/math.rs:1092:23
[INFO] [stdout]      |
[INFO] [stdout] 1092 |     let lshift = bits - n;
[INFO] [stdout]      |                       ^ no implementation for `u32 - usize`
[INFO] [stdout]      |
[INFO] [stdout]      = help: the trait `Sub<usize>` is not implemented for `u32`
[INFO] [stdout] 
[INFO] [stdout] 
[INFO] [stdout] error[E0308]: mismatched types
[INFO] [stdout]     --> /opt/rustwide/cargo-home/registry/src/github.com-1ecc6299db9ec823/lexical-core-0.7.4/src/atof/algorithm/math.rs:1134:19
[INFO] [stdout]      |
[INFO] [stdout] 1134 |     let rem = n % bits;
[INFO] [stdout]      |                   ^^^^ expected `usize`, found `u32`
[INFO] [stdout] 
[INFO] [stdout] 
[INFO] [stdout] error[E0277]: cannot mod `usize` by `u32`
[INFO] [stdout]     --> /opt/rustwide/cargo-home/registry/src/github.com-1ecc6299db9ec823/lexical-core-0.7.4/src/atof/algorithm/math.rs:1134:17
[INFO] [stdout]      |
[INFO] [stdout] 1134 |     let rem = n % bits;
[INFO] [stdout]      |                 ^ no implementation for `usize % u32`
[INFO] [stdout]      |
[INFO] [stdout]      = help: the trait `Rem<u32>` is not implemented for `usize`
[INFO] [stdout] 
[INFO] [stdout] 
[INFO] [stdout] error[E0308]: mismatched types
[INFO] [stdout]     --> /opt/rustwide/cargo-home/registry/src/github.com-1ecc6299db9ec823/lexical-core-0.7.4/src/atof/algorithm/math.rs:1135:19
[INFO] [stdout]      |
[INFO] [stdout] 1135 |     let div = n / bits;
[INFO] [stdout]      |                   ^^^^ expected `usize`, found `u32`
[INFO] [stdout] 
[INFO] [stdout] 
[INFO] [stdout] error[E0277]: cannot divide `usize` by `u32`
[INFO] [stdout]     --> /opt/rustwide/cargo-home/registry/src/github.com-1ecc6299db9ec823/lexical-core-0.7.4/src/atof/algorithm/math.rs:1135:17
[INFO] [stdout]      |
[INFO] [stdout] 1135 |     let div = n / bits;
[INFO] [stdout]      |                 ^ no implementation for `usize / u32`
[INFO] [stdout]      |
[INFO] [stdout]      = help: the trait `Div<u32>` is not implemented for `usize`
[INFO] [stdout] 
[INFO] [stdout] 
[INFO] [stdout] error[E0308]: mismatched types
[INFO] [stdout]     --> /opt/rustwide/cargo-home/registry/src/github.com-1ecc6299db9ec823/lexical-core-0.7.4/src/atof/algorithm/math.rs:1191:23
[INFO] [stdout]      |
[INFO] [stdout] 1191 |     debug_assert!(n < bits);
[INFO] [stdout]      |                       ^^^^ expected `usize`, found `u32`
[INFO] [stdout]      |
[INFO] [stdout] help: you can convert a `u32` to a `usize` and panic if the converted value doesn't fit
[INFO] [stdout]      |
[INFO] [stdout] 1191 |     debug_assert!(n < bits.try_into().unwrap());
[INFO] [stdout]      |                       ^^^^^^^^^^^^^^^^^^^^^^^^
[INFO] [stdout] 
[INFO] [stdout] 
[INFO] [stdout] error[E0308]: mismatched types
[INFO] [stdout]     --> /opt/rustwide/cargo-home/registry/src/github.com-1ecc6299db9ec823/lexical-core-0.7.4/src/atof/algorithm/math.rs:1201:25
[INFO] [stdout]      |
[INFO] [stdout] 1201 |     let rshift = bits - n;
[INFO] [stdout]      |                         ^ expected `u32`, found `usize`
[INFO] [stdout] 
[INFO] [stdout] 
[INFO] [stdout] error[E0277]: cannot subtract `usize` from `u32`
[INFO] [stdout]     --> /opt/rustwide/cargo-home/registry/src/github.com-1ecc6299db9ec823/lexical-core-0.7.4/src/atof/algorithm/math.rs:1201:23
[INFO] [stdout]      |
[INFO] [stdout] 1201 |     let rshift = bits - n;
[INFO] [stdout]      |                       ^ no implementation for `u32 - usize`
[INFO] [stdout]      |
[INFO] [stdout]      = help: the trait `Sub<usize>` is not implemented for `u32`
[INFO] [stdout] 
[INFO] [stdout] 
[INFO] [stdout] error[E0308]: mismatched types
[INFO] [stdout]     --> /opt/rustwide/cargo-home/registry/src/github.com-1ecc6299db9ec823/lexical-core-0.7.4/src/atof/algorithm/math.rs:1253:19
[INFO] [stdout]      |
[INFO] [stdout] 1253 |     let rem = n % bits;
[INFO] [stdout]      |                   ^^^^ expected `usize`, found `u32`
[INFO] [stdout] 
[INFO] [stdout] 
[INFO] [stdout] error[E0277]: cannot mod `usize` by `u32`
[INFO] [stdout]     --> /opt/rustwide/cargo-home/registry/src/github.com-1ecc6299db9ec823/lexical-core-0.7.4/src/atof/algorithm/math.rs:1253:17
[INFO] [stdout]      |
[INFO] [stdout] 1253 |     let rem = n % bits;
[INFO] [stdout]      |                 ^ no implementation for `usize % u32`
[INFO] [stdout]      |
[INFO] [stdout]      = help: the trait `Rem<u32>` is not implemented for `usize`
[INFO] [stdout] 
[INFO] [stdout] 
[INFO] [stdout] error[E0308]: mismatched types
[INFO] [stdout]     --> /opt/rustwide/cargo-home/registry/src/github.com-1ecc6299db9ec823/lexical-core-0.7.4/src/atof/algorithm/math.rs:1254:19
[INFO] [stdout]      |
[INFO] [stdout] 1254 |     let div = n / bits;
[INFO] [stdout]      |                   ^^^^ expected `usize`, found `u32`
[INFO] [stdout] 
[INFO] [stdout] 
[INFO] [stdout] error[E0277]: cannot divide `usize` by `u32`
[INFO] [stdout]     --> /opt/rustwide/cargo-home/registry/src/github.com-1ecc6299db9ec823/lexical-core-0.7.4/src/atof/algorithm/math.rs:1254:17
[INFO] [stdout]      |
[INFO] [stdout] 1254 |     let div = n / bits;
[INFO] [stdout]      |                 ^ no implementation for `usize / u32`
[INFO] [stdout]      |
[INFO] [stdout]      = help: the trait `Div<u32>` is not implemented for `usize`
[INFO] [stdout] 
[INFO] [stdout] 
[INFO] [stdout] error[E0308]: mismatched types
[INFO] [stdout]     --> /opt/rustwide/cargo-home/registry/src/github.com-1ecc6299db9ec823/lexical-core-0.7.4/src/atof/algorithm/math.rs:2065:27
[INFO] [stdout]      |
[INFO] [stdout] 2065 |     let rs = Limb::BITS - s;
[INFO] [stdout]      |                           ^ expected `u32`, found `usize`
[INFO] [stdout] 
[INFO] [stdout] 
[INFO] [stdout] error[E0277]: cannot subtract `usize` from `u32`
[INFO] [stdout]     --> /opt/rustwide/cargo-home/registry/src/github.com-1ecc6299db9ec823/lexical-core-0.7.4/src/atof/algorithm/math.rs:2065:25
[INFO] [stdout]      |
[INFO] [stdout] 2065 |     let rs = Limb::BITS - s;
[INFO] [stdout]      |                         ^ no implementation for `u32 - usize`
[INFO] [stdout]      |
[INFO] [stdout]      = help: the trait `Sub<usize>` is not implemented for `u32`
[INFO] [stdout] 
[INFO] [stdout] 
[INFO] [stdout] error: aborting due to 27 previous errors
[INFO] [stdout] 
[INFO] [stdout] 
[INFO] [stdout] Some errors have detailed explanations: E0277, E0308.
[INFO] [stdout] 
[INFO] [stdout] For more information about an error, try `rustc --explain E0277`.
[INFO] [stdout] 
[INFO] [stderr] error: could not compile `lexical-core`
[INFO] [stderr] 
[INFO] [stderr] To learn more, run the command again with --verbose.
[INFO] [stderr] warning: build failed, waiting for other jobs to finish...
[INFO] [stderr] error: build failed
[INFO] running `Command { std: "docker" "inspect" "0e4e1e0b585572e97f392878baf417ca7d434ba0ba4317e297c797eedaba4b94", kill_on_drop: false }`
[INFO] running `Command { std: "docker" "rm" "-f" "0e4e1e0b585572e97f392878baf417ca7d434ba0ba4317e297c797eedaba4b94", kill_on_drop: false }`
[INFO] [stdout] 0e4e1e0b585572e97f392878baf417ca7d434ba0ba4317e297c797eedaba4b94
